r of 348 and g.
12
Let u = -898 - -919. Calculate the greatest common factor of 14 and u.
7
Suppose -5*l - 2*d = -26671, 67*d + 5341 = l + 64*d. What is the greatest common factor of l and 11?
11
Let i(y) = -y**2 - 8*y + 11. Let n be i(-9). Let u = 1449 - 1447. Suppose 0 - 44 = -4*w - z, w - u = n*z. Calculate the greatest common factor of w and 2.
2
Let n(c) = 5*c**2 - 5*c - 15. Let a be n(7). Let f = a + -124. Calculate the highest common divisor of f and 71.
71
Suppose -3*n + 9*m = -2067, 27*n - 31*n - 4*m = -2628. Calculate the highest common divisor of n and 175.
35
Suppose -5*c + 2*a = -1610, -3*a = -4*c - 689 + 1984. Suppose c = n - 6*n. Let h = 120 + n. What is the highest common divisor of 7 and h?
7
Let n(a) = 7*a - 20. Let b be n(9). Suppose 9*q - b = 4754. Calculate the highest common divisor of q and 13.
13
Let w(p) be the first derivative of -2*p**3 + 61*p**2/2 - 2*p - 72. Let d be w(10). What is the greatest common divisor of 568 and d?
8
Let b(r) = -r**3 + 7*r**2 - 31. Let g be b(6). Suppose -7*a + p + 7 = -6*a, -5*a = g*p - 15. What is the highest common factor of a and 7?
1
Let c be 2/(-8) - (-445)/20. Let f(y) = -y**3 - 22*y**2 - 2*y + 46. Let x be f(-22). Suppose -c*r - x = -25*r. What is the highest common factor of r and 210?
30
Suppose 42*j - 6712 = -1168. Suppose -6*l + 155 + 43 = 0. What is the highest common divisor of l and j?
33
Let i be 2/(-11) + 18768/253 + 1. What is the highest common divisor of i and 6165?
15
Let k(q) = 87*q + 3. Let u be k(-4). Let l = u - -488. Let d = 29809 + -29796. What is the highest common divisor of d and l?
13
Let o be (-42)/48*-37 + (-6)/16. Suppose o*t + 204 = 36*t. What is the greatest common factor of t and 34?
17
Let x = 1007 + -1002. What is the highest common factor of 34 and x?
1
Suppose 0*w + f = 5*w + 76, 0 = w - 3*f + 18. Let u = -23 - w. Let a be (228/u)/3*-4. What is the highest common divisor of a and 57?
19
Suppose -t - 132*g = -137*g - 1200, -6056 = -5*t - 3*g. What is the greatest common divisor of t and 360?
10
Let y be (6/10)/((-11)/825*-9). Let i be 4*-92*y/(-80). Calculate the greatest common divisor of 69 and i.
23
Let j(s) = -108*s**3 - 2*s - 2. Let q = 73 - 74. Let k be j(q). What is the highest common divisor of 72 and k?
36
Let n be (-4794)/(-15) + 18/45. Suppose n = 4*x + 16*x. What is the highest common divisor of 28 and x?
4
Let v be -23 + 21 + -1 + 5. Suppose -2*x + x + v*n = -27, -4*x + 3*n = -88. Let w = -113 + 246. Calculate the greatest common divisor of x and w.
19
Let f be (-880)/(-132)*((-378)/(-28) - 9). Suppose -5*u - 2*l + 0*l = -4048, 0 = 4*l + 4. What is the greatest common divisor of u and f?
30
Suppose 305*f - 28268 + 2452 = -156*f. What is the highest common factor of 17206 and f?
14
Let d = 3147 - 1504. Calculate the greatest common divisor of 106 and d.
53
Suppose -129 = -5*k + 1. Let d be (-13 + 5)*11/(-22). Suppose -4*a + 128 = -d*y, a + 4*y = -4 + k. What is the greatest common factor of a and 40?
10
Let j(p) = -p**2 - 32*p + 45. Suppose 5*i - 23*i = 522. Let u be j(i). Calculate the greatest common divisor of u and 198.
66
Let d = -50 - -53. Suppose -d*j = 14*j - 204. Calculate the greatest common factor of 16 and j.
4
Let u = -12 + 19. Let n be -4 + (-2)/(-6) + 40/24. Let m be 5 - n/(-2) - 936/(-39). What is the highest common divisor of m and u?
7
Let l = 86255 - 85697. Let z = -16 - -34. Calculate the greatest common factor of l and z.
18
Suppose 21826 = r + 3*r - i, -4*r + 5*i = -21818. Let h = -3503 + r. Suppose -10*p = -h + 784. Calculate the greatest common factor of 13 and p.
13
Let a be 5*(-262)/(-10) - 1. Let s = a - 122. Calculate the highest common factor of 72 and s.
8
Let d = 263 + -258. Suppose 0 = 3*z + 3*o - 12, d*o = -20. What is the highest common factor of z and 12?
4
Suppose 9*r - 390 = 4*r. Suppose 34*h = 81 - 11 + 134. What is the greatest common divisor of h and r?
6
Let u be (4/12 - 7/21)/(-3). Suppose -15 = -3*g + 3*m - 0*m, 2*m - 4 = u. Calculate the highest common divisor of g and 2.
1
Suppose -1239 - 36 = -25*m. Calculate the greatest common factor of 918 and m.
51
Let f(j) = j**3 - 22*j**2 - 46*j - 149. Let u be f(25). Calculate the greatest common factor of u and 54.
18
Let c = -78 - -5414. Calculate the highest common divisor of c and 368.
184
Let x(q) = -5*q**3 + 21*q**2 + 101*q + 6. Let l be x(-5). Let u be (-14)/(-3)*126/28. What is the greatest common divisor of u and l?
21
Suppose 80*f + 19*f - 173537 = 167122. Calculate the highest common factor of f and 1767.
93
Suppose 0 = -v + 11*v - 280. Suppose -v*i = -29*i. Suppose i = 5*f - 9*f + 112. Calculate the greatest common factor of f and 42.
14
Suppose 0 = 209*d + 121*d - 429660. What is the greatest common divisor of 6 and d?
6
Suppose -43*y - 12 = -44*y. Suppose y*f - 13*f + 38 = 0. Calculate the greatest common divisor of 95 and f.
19
Let f be -3*(-3)/(-9)*0. Let z = 27 + f. Suppose -b + 22 = -0*s + s, b + 32 = 2*s. Calculate the highest common divisor of z and s.
9
Let l be ((-42)/(-8))/((-93)/(-124)). Suppose -231 = -l*k + 266. Calculate the highest common divisor of k and 781.
71
Let i = -9032 + 9683. Calculate the highest common divisor of i and 2232.
93
Suppose 0 = p - 5*p + 180. Suppose 10*f = f + 36. Suppose -5*g + 85 = 5*n, 7*n - f*g = 4*n + 58. Calculate the greatest common factor of p and n.
9
Suppose -4*d = -2*d - 88. Let r(s) = -s**3 + 62*s**2 + 99. Let i be r(62). What is the highest common factor of d and i?
11
Let x be (-13059)/(-15) - -2*(-4)/(-20). Calculate the greatest common factor of 13 and x.
13
Let w = 10863 + -6703. Calculate the highest common divisor of 195 and w.
65
Let u be 436/6 - 3/(-18)*-4. Suppose u = -15*d - 168. Let r = 29 + d. Calculate the greatest common divisor of 65 and r.
13
Let q(d) = 4*d**3 + 37*d**2 - 31*d + 8. Let t be q(-10). What is the highest common factor of t and 498?
6
Suppose -26 = -a - 23. Suppose a*s = s. Suppose x - 3*x + 108 = s. What is the greatest common divisor of 18 and x?
18
Suppose 5*x = -l - 3*l + 40, 19 = 2*x + l. Let t be 153 + 2/(-6)*-9. Calculate the greatest common factor of x and t.
12
Let u = 143 + -23. Let s(w) = 2836*w**2 + 15*w + 16. Let q be s(-1). Suppose -6*v = -2927 + q. What is the greatest common factor of u and v?
15
Let u = 1980 - 1820. Calculate the greatest common divisor of 195 and u.
5
Suppose 18*i - 23*i = 15, 1225 = 4*f - 3*i. Calculate the highest common divisor of 5738 and f.
38
Suppose 4 = 2*m - k + 5*k, 2*m = 5*k + 13. Let c(p) = -22*p + 89. Let b be c(m). Let r be (4/(-2))/2*-7. Calculate the greatest common factor of r and b.
1
Suppose 8*d - 43 = 53. Suppose b - 38 = -0*b + 4*l, 3*b = 3*l + 69. Let v be -26*(d/b + 14/(-12)). Calculate the highest common divisor of 65 and v.
13
Suppose 3*m - 368 = -d, -5*m - 2*d = -612 - 3. Let a be (22/(-6))/(1/(-3)). Calculate the greatest common divisor of m and a.
11
Let a be 8/76 + 42740/95. Suppose 28*o - a = 3*o. What is the highest common divisor of 153 and o?
9
Suppose -2*f - 161 + 197 = 0. Calculate the greatest common divisor of 2184 and f.
6
Let c = -9838 + 4801. Let n be c/(-27) + (-56)/(-126). What is the greatest common factor of n and 33?
11
Let l = 6609 - 6381. Calculate the highest common divisor of 588 and l.
12
Let p be 8/(-352)*-8 - (1065/(-11) - 0). What is the greatest common divisor of 21631 and p?
97
Suppose -5*t + 261 - 321 = -5*w, -4 = t. Calculate the highest common factor of w and 25544.
8
Let m(c) = 5*c**3 + 4*c + 5. Let k(p) = -6*p**3 + p**2 - 5*p - 3. Let b(s) = 4*k(s) + 5*m(s). Let x be b(-4). What is the highest common factor of x and 325?
13
Let m(q) = q**3 - 35*q**2 - 27*q - 234. Let h be m(36). Calculate the highest common divisor of 2358 and h.
18
Let f = -1325 - -2319. Suppose -3*w + f = 928. What is the highest common factor of w and 143?
11
Let g(h) = 5*h**2 + 2*h**3 - 5*h**2 + 2 - 2*h. Let a be g(2). Let y = -581 - -637. What is the highest common divisor of y and a?
14
Let y(n) = 2*n**2 - 242*n**3 - n**2 - 14 + 2*n - 4*n + 243*n**3. Let t be y(3). Let f = 23 + 17. What is the highest common factor of t and f?
8
Suppose -4*o + 5*c + 33 = 0, 2*o + c = -0*o - 1. Suppose 78 = -o*a + 174. Calculate the greatest common divisor of a and 40.
8
Suppose j + 3*s - 6 - 55 = 0, 4*s = 8. 